{"id":61,"date":"2011-11-08T13:08:18","date_gmt":"2011-11-08T13:08:18","guid":{"rendered":"http:\/\/www.japan-art.at\/?page_id=61"},"modified":"2014-02-22T12:46:14","modified_gmt":"2014-02-22T12:46:14","slug":"japanische-schwerter-und-stangenwaffen","status":"publish","type":"page","link":"https:\/\/www.japan-art.at\/?page_id=61","title":{"rendered":"Japanische Schwerter und Stangenwaffen"},"content":{"rendered":"<h2>Nihonto:<\/h2>\n<p>Mehr als 1000 j\u00e4hrige Schwertschmiedetradition bzw. Schwertschmiedekunst mit den wohl weitest entwickelten F\u00e4higkeiten dieses Handwerks. Laminatschwerter beginnend ca. 700 n. Chr. Feudalzeit erstreckt sich bis ins sp\u00e4te 19. Jhdt.<br \/>\nStarker spiritueller Einflu\u00df auf Schmiedehandwerk.<br \/>\nKriege, bewaffnete Auseinandersetzungen, Duelle etc. werden in dieser Zeit bis auf einige Ausnahmen, haupts\u00e4chlich mit dem Schwert gef\u00fchrt. Weiterf\u00fchrung des Schmiedehandwerks bis in die heutige Zeit. Schwertschmieden ist in Japan eine anerkannte Kunstform und somit werden auch die heute erzeugten Schwerter als Kunstgegenst\u00e4nde hoch gesch\u00e4tzt. Schwertschmiede k\u00f6nnen, wie auch K\u00fcnstler anderer Kunstrichtungen, den Status eines lebenden Nationalschatzes erreichen.<\/p>\n<h3>\u00a05 Hauptschulen \u2013 Gokuden:<\/h3>\n<p>YAMATO, YAMASHIRO, BIZEN, SOSHU, MINO.<\/p>\n<p>&nbsp;<\/p>\n<h3>Einteilungen:<\/h3>\n<p>Langschwerter: Tachi, Katana<\/p>\n<p>Kurzschwerter: Wakizashi<\/p>\n<p>Dolche: Tanto, Yoroidoshi, Aikuchi<\/p>\n<p>Stangenwaffen: Nagamaki, Naginata, Yari<\/p>\n<p>&nbsp;<\/p>\n<h1>Zeittafel:<\/h1>\n<p>Nara\u00a0\u00a0\u00a0\u00a0\u00a0\u00a0\u00a0\u00a0\u00a0\u00a0\u00a0\u00a0\u00a0\u00a0\u00a0\u00a0\u00a0\u00a0\u00a0\u00a0\u00a0\u00a0\u00a0\u00a0\u00a0\u00a0\u00a0\u00a0\u00a0 \u00a0\u00a0\u00a0\u00a0\u00a0\u00a0\u00a0\u00a0\u00a0\u00a0\u00a0\u00a0\u00a0\u00a0\u00a0\u00a0\u00a0\u00a0 710-794\u00a0\u00a0\u00a0\u00a0\u00a0\u00a0\u00a0\u00a0\u00a0\u00a0\u00a0\u00a0\u00a0\u00a0\u00a0\u00a0\u00a0\u00a0\u00a0\u00a0\u00a0\u00a0 Chokuto<\/p>\n<p>Antike gerade Schwerter<\/p>\n<p>&nbsp;<\/p>\n<p>Heian\u00a0\u00a0\u00a0\u00a0\u00a0\u00a0\u00a0\u00a0\u00a0\u00a0\u00a0\u00a0\u00a0\u00a0\u00a0\u00a0\u00a0\u00a0\u00a0\u00a0\u00a0\u00a0\u00a0\u00a0\u00a0\u00a0\u00a0 \u00a0\u00a0\u00a0\u00a0\u00a0\u00a0\u00a0\u00a0\u00a0\u00a0\u00a0\u00a0\u00a0\u00a0\u00a0\u00a0\u00a0\u00a0 \u00a0 794-1185\u00a0\u00a0\u00a0\u00a0\u00a0\u00a0\u00a0\u00a0 -\\<\/p>\n<p>Kamakura\u00a0\u00a0\u00a0\u00a0\u00a0\u00a0\u00a0\u00a0\u00a0\u00a0\u00a0\u00a0\u00a0\u00a0\u00a0\u00a0\u00a0\u00a0\u00a0 \u00a0\u00a0\u00a0\u00a0\u00a0\u00a0\u00a0\u00a0\u00a0\u00a0\u00a0\u00a0\u00a0\u00a0\u00a0\u00a0\u00a0\u00a0 1185-1333\u00a0\u00a0\u00a0\u00a0\u00a0\u00a0\u00a0\u00a0 &#8211; \\\u00a0\u00a0\u00a0\u00a0\u00a0\u00a0\u00a0\u00a0\u00a0\u00a0\u00a0\u00a0\u00a0\u00a0 Koto<\/p>\n<p>Nambokucho\u00a0\u00a0\u00a0\u00a0\u00a0\u00a0\u00a0\u00a0\u00a0\u00a0\u00a0\u00a0\u00a0\u00a0 \u00a0\u00a0\u00a0\u00a0\u00a0\u00a0\u00a0\u00a0\u00a0\u00a0\u00a0\u00a0\u00a0\u00a0\u00a0\u00a0\u00a0\u00a0 1333-1396-\u00a0\u00a0 &#8212;<\/p>\n<p>Muromachi\u00a0\u00a0\u00a0\u00a0\u00a0\u00a0\u00a0\u00a0\u00a0\u00a0\u00a0\u00a0\u00a0\u00a0\u00a0\u00a0\u00a0\u00a0\u00a0\u00a0\u00a0\u00a0\u00a0\u00a0\u00a0\u00a0\u00a0\u00a0\u00a0\u00a0\u00a0\u00a0\u00a0\u00a0\u00a0\u00a0 1396-1568\u00a0\u00a0\u00a0\u00a0\u00a0\u00a0\u00a0\u00a0 &#8211; \/\u00a0\u00a0\u00a0\u00a0\u00a0 alte Schwertperiode<\/p>\n<p>Aizuchi-Momoyama\u00a0\u00a0\u00a0\u00a0\u00a0\u00a0\u00a0\u00a0\u00a0\u00a0\u00a0\u00a0\u00a0\u00a0\u00a0\u00a0\u00a0\u00a0\u00a0\u00a0\u00a0 1568-1596-\/<\/p>\n<p>&nbsp;<\/p>\n<p>Edo oder Tokugawa\u00a0\u00a0\u00a0\u00a0\u00a0\u00a0\u00a0\u00a0\u00a0\u00a0\u00a0\u00a0\u00a0\u00a0\u00a0\u00a0\u00a0\u00a0\u00a0\u00a0\u00a0\u00a0 1596-1780\u00a0\u00a0\u00a0\u00a0\u00a0\u00a0\u00a0\u00a0\u00a0\u00a0\u00a0\u00a0\u00a0\u00a0\u00a0\u00a0\u00a0\u00a0\u00a0\u00a0\u00a0\u00a0\u00a0\u00a0\u00a0\u00a0\u00a0 Shinto<\/p>\n<p>Neue Schwertperiode<\/p>\n<p>&nbsp;<\/p>\n<p>Bakamatsu (sp\u00e4te Edo)\u00a0\u00a0\u00a0\u00a0\u00a0\u00a0\u00a0\u00a0\u00a0\u00a0\u00a0\u00a0\u00a0\u00a0\u00a0\u00a0\u00a0 1780-1877\u00a0\u00a0\u00a0\u00a0\u00a0\u00a0\u00a0\u00a0\u00a0\u00a0\u00a0\u00a0\u00a0\u00a0\u00a0\u00a0\u00a0\u00a0\u00a0\u00a0\u00a0\u00a0\u00a0\u00a0\u00a0\u00a0\u00a0 Shinshinto<\/p>\n<p>Neu-neue Schwerter incl.<\/p>\n<p>der ersten 8 Jahre Meiji-Zeit<\/p>\n<p>&nbsp;<\/p>\n<p>Meiji,Taisho, fr\u00fche Showa-Zeit\u00a0\u00a0\u00a0 1877-1945\u00a0\u00a0\u00a0\u00a0\u00a0\u00a0\u00a0\u00a0\u00a0\u00a0\u00a0\u00a0\u00a0\u00a0\u00a0\u00a0\u00a0\u00a0\u00a0\u00a0\u00a0\u00a0\u00a0\u00a0\u00a0\u00a0\u00a0 Gendaito<\/p>\n<p>Moderne Schwerter<\/p>\n<p>&nbsp;<\/p>\n<p>Taisho, Showa-Zeit bis 1945\u00a0\u00a0\u00a0\u00a0\u00a0\u00a0\u00a0\u00a0\u00a0\u00a0\u00a0\u00a0\u00a0\u00a0\u00a0\u00a0\u00a0\u00a0\u00a0\u00a0\u00a0 Shingunto(Milit\u00e4rschwerter)<\/p>\n<p>&nbsp;<\/p>\n<p>Sp\u00e4tere Showa-Zeit bis Heisei\u00a0\u00a0\u00a0\u00a0\u00a0\u00a0 1945-\u00a0\u00a0\u00a0\u00a0\u00a0\u00a0\u00a0\u00a0\u00a0\u00a0\u00a0\u00a0\u00a0\u00a0\u00a0\u00a0\u00a0\u00a0\u00a0\u00a0\u00a0\u00a0\u00a0\u00a0\u00a0\u00a0 Shinsakuto<\/p>\n<p>Neu gefertigte Schwerter<\/p>\n","protected":false},"excerpt":{"rendered":"<p>Nihonto: Mehr als 1000 j\u00e4hrige Schwertschmiedetradition bzw. Schwertschmiedekunst mit den wohl weitest entwickelten F\u00e4higkeiten dieses Handwerks. Laminatschwerter beginnend ca. 700 n. Chr. Feudalzeit erstreckt sich bis ins sp\u00e4te 19. Jhdt. Starker spiritueller Einflu\u00df auf Schmiedehandwerk. Kriege, bewaffnete Auseinandersetzungen, Duelle etc. &hellip; <a href=\"https:\/\/www.japan-art.at\/?page_id=61\">Weiterlesen <span class=\"meta-nav\">&rarr;<\/span><\/a><\/p>\n","protected":false},"author":1,"featured_media":0,"parent":2,"menu_order":2,"comment_status":"closed","ping_status":"closed","template":"","meta":[],"_links":{"self":[{"href":"https:\/\/www.japan-art.at\/index.php?rest_route=\/wp\/v2\/pages\/61"}],"collection":[{"href":"https:\/\/www.japan-art.at\/index.php?rest_route=\/wp\/v2\/pages"}],"about":[{"href":"https:\/\/www.japan-art.at\/index.php?rest_route=\/wp\/v2\/types\/page"}],"author":[{"embeddable":true,"href":"https:\/\/www.japan-art.at\/index.php?rest_route=\/wp\/v2\/users\/1"}],"replies":[{"embeddable":true,"href":"https:\/\/www.japan-art.at\/index.php?rest_route=%2Fwp%2Fv2%2Fcomments&post=61"}],"version-history":[{"count":12,"href":"https:\/\/www.japan-art.at\/index.php?rest_route=\/wp\/v2\/pages\/61\/revisions"}],"predecessor-version":[{"id":941,"href":"https:\/\/www.japan-art.at\/index.php?rest_route=\/wp\/v2\/pages\/61\/revisions\/941"}],"up":[{"embeddable":true,"href":"https:\/\/www.japan-art.at\/index.php?rest_route=\/wp\/v2\/pages\/2"}],"wp:attachment":[{"href":"https:\/\/www.japan-art.at\/index.php?rest_route=%2Fwp%2Fv2%2Fmedia&parent=61"}],"curies":[{"name":"wp","href":"https:\/\/api.w.org\/{rel}","templated":true}]}}