{"id":56,"date":"2011-11-08T12:59:53","date_gmt":"2011-11-08T12:59:53","guid":{"rendered":"http:\/\/www.japan-art.at\/?page_id=56"},"modified":"2014-02-28T17:12:59","modified_gmt":"2014-02-28T17:12:59","slug":"japanische-gebrauchskunst","status":"publish","type":"page","link":"https:\/\/www.japan-art.at\/?page_id=56","title":{"rendered":"Japanische Gebrauchskunst"},"content":{"rendered":"<h3>Einf\u00fchrung<\/h3>\n<p>Japanische Gebrauchskunst hat seit jeher einen hohen \u00e4sthestischen Wert,\u00a0ist schlicht und funktional. Gold und h\u00f6chste Qualit\u00e4t waren dem Hochadel vorbehalten. Gegen Ende der Edo-Periode gewannen reiche H\u00e4ndler zunehmend an Bedeutung f\u00fcr das Gewerbe, wodurch auch f\u00fcr diese reich geschm\u00fcckte Gebrauchsgegenst\u00e4nde erzeugt wurden. In der Meiji-Periode (Verarmung der nicht anpassungsf\u00e4higen Samuraifamilien &#8211; Grundenteignungen, Arbeitslosigkeit der untergeordneten Samurais) werden f\u00fcr das Kunsthandwerk H\u00e4ndler und vor allem Ausl\u00e4nder immer wichtiger, weshalb sich der Markt &#8211; die Handwerker &#8211; auf die Ver\u00e4nderung einstellen und in weiterer Folge die Qualit\u00e4t f\u00fcr den Export leidet ( Touristenfertigungen,\u00a0Fertigungen nach Europ\u00e4ischem Geschmack\u00a0).<\/p>\n<p>Fortf\u00fchrung der verschiedenen Richtungen des Kunsthandwerks bis in die heutige Zeit &#8211; best\u00e4ndige Wettbewerbe zur Erhaltung und Feststellung der Qualit\u00e4t &#8211; Verleihung von Ehrentitel &#8211; Mukansa &#8211; Kokuhon. ( Kokuhon = lebender Nationalschatz )<\/p>\n<p>&nbsp;<\/p>\n","protected":false},"excerpt":{"rendered":"<p>Einf\u00fchrung Japanische Gebrauchskunst hat seit jeher einen hohen \u00e4sthestischen Wert,\u00a0ist schlicht und funktional. Gold und h\u00f6chste Qualit\u00e4t waren dem Hochadel vorbehalten. Gegen Ende der Edo-Periode gewannen reiche H\u00e4ndler zunehmend an Bedeutung f\u00fcr das Gewerbe, wodurch auch f\u00fcr diese reich geschm\u00fcckte &hellip; <a href=\"https:\/\/www.japan-art.at\/?page_id=56\">Weiterlesen <span class=\"meta-nav\">&rarr;<\/span><\/a><\/p>\n","protected":false},"author":1,"featured_media":0,"parent":2,"menu_order":1,"comment_status":"closed","ping_status":"closed","template":"","meta":[],"_links":{"self":[{"href":"https:\/\/www.japan-art.at\/index.php?rest_route=\/wp\/v2\/pages\/56"}],"collection":[{"href":"https:\/\/www.japan-art.at\/index.php?rest_route=\/wp\/v2\/pages"}],"about":[{"href":"https:\/\/www.japan-art.at\/index.php?rest_route=\/wp\/v2\/types\/page"}],"author":[{"embeddable":true,"href":"https:\/\/www.japan-art.at\/index.php?rest_route=\/wp\/v2\/users\/1"}],"replies":[{"embeddable":true,"href":"https:\/\/www.japan-art.at\/index.php?rest_route=%2Fwp%2Fv2%2Fcomments&post=56"}],"version-history":[{"count":13,"href":"https:\/\/www.japan-art.at\/index.php?rest_route=\/wp\/v2\/pages\/56\/revisions"}],"predecessor-version":[{"id":986,"href":"https:\/\/www.japan-art.at\/index.php?rest_route=\/wp\/v2\/pages\/56\/revisions\/986"}],"up":[{"embeddable":true,"href":"https:\/\/www.japan-art.at\/index.php?rest_route=\/wp\/v2\/pages\/2"}],"wp:attachment":[{"href":"https:\/\/www.japan-art.at\/index.php?rest_route=%2Fwp%2Fv2%2Fmedia&parent=56"}],"curies":[{"name":"wp","href":"https:\/\/api.w.org\/{rel}","templated":true}]}}