{"id":40,"date":"2011-11-08T12:46:18","date_gmt":"2011-11-08T12:46:18","guid":{"rendered":"http:\/\/www.japan-art.at\/?page_id=40"},"modified":"2011-11-22T20:22:15","modified_gmt":"2011-11-22T20:22:15","slug":"links","status":"publish","type":"page","link":"https:\/\/www.japan-art.at\/?page_id=40","title":{"rendered":"Links"},"content":{"rendered":"<ul>\n<li><a href=\"http:\/\/www.japan-art.at\/index.pl\/links\" target=\"_blank\">http:\/\/www.nbthk.net\/NBTHK\/NBTHK_Startseite.html<\/a> &#8211; (Nippon Bijutsu Token Hozon Kyokai) Weltweite Japanische Vereinigung zur Erhaltung des Japanischen Kunstschwertes<\/li>\n<li><a href=\"http:\/\/www.japan-art.at\/index.pl\/links\" target=\"_blank\">http:\/\/www.japaneseswordsocietyofcanada.org\/<\/a> &#8211; The Japanese Sword Society of Canada Weitere Vereinigun zur Erhaltung der Kunstschwerter<\/li>\n<li><a>http:\/\/www.japaneselifestyle.com.au\/tokyo\/<\/a> &#8211; N\u00fctzliche Seite f\u00fcr den Urlaub in und um Tokyo, Hotels, Pl\u00e4ne, U-Bahnnetz, Flughafen, Ditrikte, Festivals, Reisen in Japan.<\/li>\n<li><a href=\"http:\/\/www.sammeln.at\/\" target=\"_blank\">www.sammeln.at<\/a> &#8211; Plattform f\u00fcr Sammler<\/li>\n<li><a href=\"http:\/\/www.comicboerse.org\/\" target=\"_blank\">www.comicboerse.org<\/a> &#8211; Homepage eines Freundes, Fundgrube f\u00fcr Comicsammler<\/li>\n<li><a href=\"http:\/\/www.auer.at\/\" target=\"_blank\">derAuer | Grafik, Buch, Web<\/a> &#8211; Homepage meines Webmasters<\/li>\n<\/ul>\n","protected":false},"excerpt":{"rendered":"<p>http:\/\/www.nbthk.net\/NBTHK\/NBTHK_Startseite.html &#8211; (Nippon Bijutsu Token Hozon Kyokai) Weltweite Japanische Vereinigung zur Erhaltung des Japanischen Kunstschwertes http:\/\/www.japaneseswordsocietyofcanada.org\/ &#8211; The Japanese Sword Society of Canada Weitere Vereinigun zur Erhaltung der Kunstschwerter http:\/\/www.japaneselifestyle.com.au\/tokyo\/ &#8211; N\u00fctzliche Seite f\u00fcr den Urlaub in und um Tokyo, &hellip; <a href=\"https:\/\/www.japan-art.at\/?page_id=40\">Weiterlesen <span class=\"meta-nav\">&rarr;<\/span><\/a><\/p>\n","protected":false},"author":1,"featured_media":0,"parent":0,"menu_order":5,"comment_status":"closed","ping_status":"closed","template":"","meta":[],"_links":{"self":[{"href":"https:\/\/www.japan-art.at\/index.php?rest_route=\/wp\/v2\/pages\/40"}],"collection":[{"href":"https:\/\/www.japan-art.at\/index.php?rest_route=\/wp\/v2\/pages"}],"about":[{"href":"https:\/\/www.japan-art.at\/index.php?rest_route=\/wp\/v2\/types\/page"}],"author":[{"embeddable":true,"href":"https:\/\/www.japan-art.at\/index.php?rest_route=\/wp\/v2\/users\/1"}],"replies":[{"embeddable":true,"href":"https:\/\/www.japan-art.at\/index.php?rest_route=%2Fwp%2Fv2%2Fcomments&post=40"}],"version-history":[{"count":4,"href":"https:\/\/www.japan-art.at\/index.php?rest_route=\/wp\/v2\/pages\/40\/revisions"}],"predecessor-version":[{"id":573,"href":"https:\/\/www.japan-art.at\/index.php?rest_route=\/wp\/v2\/pages\/40\/revisions\/573"}],"wp:attachment":[{"href":"https:\/\/www.japan-art.at\/index.php?rest_route=%2Fwp%2Fv2%2Fmedia&parent=40"}],"curies":[{"name":"wp","href":"https:\/\/api.w.org\/{rel}","templated":true}]}}