{"id":204,"date":"2011-11-08T15:35:57","date_gmt":"2011-11-08T15:35:57","guid":{"rendered":"http:\/\/www.japan-art.at\/?page_id=204"},"modified":"2014-02-22T12:51:46","modified_gmt":"2014-02-22T12:51:46","slug":"kozuka-kogatana-kogai","status":"publish","type":"page","link":"https:\/\/www.japan-art.at\/?page_id=204","title":{"rendered":"Kozuka, Kogatana, Kogai"},"content":{"rendered":"<p>Kozuka: Griff f\u00fcr Schwertbeimesser. Diverse Materialien und Darstellungen.<\/p>\n<p>Kogatana: Klinge f\u00fcr Schwertbeimesser, geschmiedet und geh\u00e4rtet<\/p>\n<p>Kogai: Schwertnadel, Zweck nicht mehr genau bestimmbar. Haarsteckutensil, Ohrenputzer oder Hilfsinstrument zum Halten des abgetrennten Kopfes?<\/p>\n<p>Umabari: Schwertbeimesser &#8211; Schwertnadel aus einem St\u00fcck anstelle eines Kogai gef\u00fchrt. Nur in der Higo-Provinz in Verwendung. Diente zur L\u00f6sung von Kr\u00e4mpfen der Pferdemuskulatur indem man in die Pferdebeine stach. (Gewu\u00dft wo ;-))<\/p>\n<h1>Kozuka<\/h1>\n<p><a href=\"http:\/\/www.japan-art.at\/wp-content\/uploads\/2011\/11\/IMG_0264.jpg\"><img decoding=\"async\" loading=\"lazy\" class=\"alignleft  wp-image-356\" title=\"IMG_0264\" src=\"http:\/\/www.japan-art.at\/wp-content\/uploads\/2011\/11\/IMG_0264.jpg\" alt=\"\" width=\"782\" height=\"191\" srcset=\"https:\/\/www.japan-art.at\/wp-content\/uploads\/2011\/11\/IMG_0264.jpg 512w, https:\/\/www.japan-art.at\/wp-content\/uploads\/2011\/11\/IMG_0264-300x73.jpg 300w\" sizes=\"(max-width: 782px) 100vw, 782px\" \/><\/a><\/p>\n<p>&nbsp;<\/p>\n<p>&nbsp;<\/p>\n<p>&nbsp;<\/p>\n<p>Kozuka: Darstellung eines Yakago,(Pfeilk\u00f6cher)<\/p>\n<p>Material: Shakudo mit Gold u. Silberauflagen<\/p>\n<p>Signiert:<\/p>\n<p>Zeit: Edo-Periode<\/p>\n<h1>Kozuka<\/h1>\n<p><a href=\"http:\/\/www.japan-art.at\/wp-content\/uploads\/2011\/11\/IMG_0268.jpg\"><img decoding=\"async\" loading=\"lazy\" class=\"alignleft  wp-image-357\" title=\"IMG_0268\" src=\"http:\/\/www.japan-art.at\/wp-content\/uploads\/2011\/11\/IMG_0268.jpg\" alt=\"\" width=\"785\" height=\"189\" \/><\/a><\/p>\n<p>&nbsp;<\/p>\n<p>&nbsp;<\/p>\n<p>&nbsp;<\/p>\n<p>Kozuka: Darstellung eines Shishi, Katakiribori &#8211; Technik geschnitten<\/p>\n<p>Material: Akagane &#8211; Kupfer<\/p>\n<p>Signiert: Mune-naga und Kakihan<\/p>\n<p>Zeit: Edo-Periode<\/p>\n<h1>Kozuka<\/h1>\n<p><a href=\"http:\/\/www.japan-art.at\/wp-content\/uploads\/2011\/11\/IMG_0433.jpg\"><img decoding=\"async\" loading=\"lazy\" class=\"alignleft  wp-image-358\" title=\"IMG_0433\" src=\"http:\/\/www.japan-art.at\/wp-content\/uploads\/2011\/11\/IMG_0433.jpg\" alt=\"\" width=\"786\" height=\"156\" srcset=\"https:\/\/www.japan-art.at\/wp-content\/uploads\/2011\/11\/IMG_0433.jpg 512w, https:\/\/www.japan-art.at\/wp-content\/uploads\/2011\/11\/IMG_0433-300x59.jpg 300w\" sizes=\"(max-width: 786px) 100vw, 786px\" \/><\/a><\/p>\n<p>&nbsp;<\/p>\n<p>&nbsp;<\/p>\n<p>&nbsp;<\/p>\n<p>Kozuka: Darstellung eines Pfeiles &#8211; Ya und eines Schulterpanzers &#8211; Sode<\/p>\n<p>Material: Shakudo, Gold- und Silberauflagen<\/p>\n<p>Zeit: Edo-Periode<\/p>\n<h1>Kozuka<\/h1>\n<p><a href=\"http:\/\/www.japan-art.at\/wp-content\/uploads\/2011\/11\/IMG_0432.jpg\"><img decoding=\"async\" loading=\"lazy\" class=\"alignleft  wp-image-359\" title=\"IMG_0432\" src=\"http:\/\/www.japan-art.at\/wp-content\/uploads\/2011\/11\/IMG_0432.jpg\" alt=\"\" width=\"793\" height=\"157\" srcset=\"https:\/\/www.japan-art.at\/wp-content\/uploads\/2011\/11\/IMG_0432.jpg 512w, https:\/\/www.japan-art.at\/wp-content\/uploads\/2011\/11\/IMG_0432-300x59.jpg 300w\" sizes=\"(max-width: 793px) 100vw, 793px\" \/><\/a><\/p>\n<p>&nbsp;<\/p>\n<p>&nbsp;<\/p>\n<p>&nbsp;<\/p>\n<p>Kozuka: Darstellung eines Tempelw\u00e4chters &#8211; Nio &#8211; auf Nanako-Grund<\/p>\n<p>Material: Shakudo<\/p>\n<p>Zeit: Edo-Periode<\/p>\n<h1>Umabari<\/h1>\n<p><a href=\"http:\/\/www.japan-art.at\/wp-content\/uploads\/2011\/11\/IMG_0350.jpg\"><img decoding=\"async\" loading=\"lazy\" class=\"alignleft  wp-image-360\" title=\"IMG_0350\" src=\"http:\/\/www.japan-art.at\/wp-content\/uploads\/2011\/11\/IMG_0350.jpg\" alt=\"\" width=\"795\" height=\"159\" srcset=\"https:\/\/www.japan-art.at\/wp-content\/uploads\/2011\/11\/IMG_0350.jpg 625w, https:\/\/www.japan-art.at\/wp-content\/uploads\/2011\/11\/IMG_0350-300x60.jpg 300w\" sizes=\"(max-width: 795px) 100vw, 795px\" \/><\/a><\/p>\n<p>Umabari: Beschriftung?<\/p>\n<p>Material: Eisen<\/p>\n<p>Zeit: Edo-Periode<\/p>\n","protected":false},"excerpt":{"rendered":"<p>Kozuka: Griff f\u00fcr Schwertbeimesser. Diverse Materialien und Darstellungen. Kogatana: Klinge f\u00fcr Schwertbeimesser, geschmiedet und geh\u00e4rtet Kogai: Schwertnadel, Zweck nicht mehr genau bestimmbar. Haarsteckutensil, Ohrenputzer oder Hilfsinstrument zum Halten des abgetrennten Kopfes? Umabari: Schwertbeimesser &#8211; Schwertnadel aus einem St\u00fcck anstelle eines &hellip; <a href=\"https:\/\/www.japan-art.at\/?page_id=204\">Weiterlesen <span class=\"meta-nav\">&rarr;<\/span><\/a><\/p>\n","protected":false},"author":1,"featured_media":0,"parent":101,"menu_order":1,"comment_status":"closed","ping_status":"closed","template":"","meta":[],"_links":{"self":[{"href":"https:\/\/www.japan-art.at\/index.php?rest_route=\/wp\/v2\/pages\/204"}],"collection":[{"href":"https:\/\/www.japan-art.at\/index.php?rest_route=\/wp\/v2\/pages"}],"about":[{"href":"https:\/\/www.japan-art.at\/index.php?rest_route=\/wp\/v2\/types\/page"}],"author":[{"embeddable":true,"href":"https:\/\/www.japan-art.at\/index.php?rest_route=\/wp\/v2\/users\/1"}],"replies":[{"embeddable":true,"href":"https:\/\/www.japan-art.at\/index.php?rest_route=%2Fwp%2Fv2%2Fcomments&post=204"}],"version-history":[{"count":16,"href":"https:\/\/www.japan-art.at\/index.php?rest_route=\/wp\/v2\/pages\/204\/revisions"}],"predecessor-version":[{"id":949,"href":"https:\/\/www.japan-art.at\/index.php?rest_route=\/wp\/v2\/pages\/204\/revisions\/949"}],"up":[{"embeddable":true,"href":"https:\/\/www.japan-art.at\/index.php?rest_route=\/wp\/v2\/pages\/101"}],"wp:attachment":[{"href":"https:\/\/www.japan-art.at\/index.php?rest_route=%2Fwp%2Fv2%2Fmedia&parent=204"}],"curies":[{"name":"wp","href":"https:\/\/api.w.org\/{rel}","templated":true}]}}