{"id":2,"date":"2011-11-07T15:00:29","date_gmt":"2011-11-07T15:00:29","guid":{"rendered":"http:\/\/www.japan-art.at\/?page_id=2"},"modified":"2011-11-22T20:14:25","modified_gmt":"2011-11-22T20:14:25","slug":"beispiel-seite","status":"publish","type":"page","link":"https:\/\/www.japan-art.at\/","title":{"rendered":"Inhalt"},"content":{"rendered":"<h3>Japanische Gebrauchskunst:<\/h3>\n<p>Holzschnitte, Keramik, Netsuke, Rollbilder, Lackarbeiten, Bronzen etc.<\/p>\n<h3>Japanische Schwerter und Stangenwaffen:<\/h3>\n<p>Katana, Tachi, Wakizashi, Tanto, Aikuchi, Naginata, Yari, Yanone<\/p>\n<h3>Schwertzierrat:<\/h3>\n<p>Tsuba, Fuchi &#8211; Kashira, Menuki, Kozuka, Kogai, Kogatana, Koshirae<\/p>\n<h3>Japanische R\u00fcstungen:<\/h3>\n<p>Gosuku, Kabuto, Maedate, Shingasa, Menpo, Somen, Sangu, Katchu, Sonohaka<\/p>\n<h3>Tipps zu Kauf, Pflege und Restaurierung<\/h3>\n<h3>Sammlungs\u00fcberhang:<\/h3>\n<p>Sammelobjekte\u00a0von denen ich mich trenne<\/p>\n<p>&nbsp;<\/p>\n<h2>Japan Art<\/h2>\n<p>Japan-Art ist eine Homepage die die verschiedenen Richtungen der Japanischen Kunst den Interessierten visuell nahebringen soll. Hauptaugenmerk dieser Seiten werden aber japanische Schwertklingen (Nihon-to), Schwertzierrat (Tsuba, Fuchi-Kashira, Menuki u. Koshirae) sowie Japanische R\u00fcstungen (Gosuku), R\u00fcstungsteile u. Zubeh\u00f6r sein.<\/p>\n<p>Diese Webseite soll allen angehenden und auch den bereits versierteren Sammlern als Hilfsmittel und Plattform dienen um das Wissen um ihr Interessensgebiet\u00a0 zu vertiefen.<\/p>\n<p>Japan Art ist eine nicht kommerzielle Seite von einem Sammler f\u00fcr Sammler. Es werden Gegenst\u00e4nde aus meiner Sammlung dargestellt und beschrieben. Weiters werden in jeder Rubrik anf\u00e4nglich Kurzeinleitungen gegeben um auch Anf\u00e4ngern oder einfach \u201eJapaninteressierten\u201c die Sammelobjekte zu erkl\u00e4ren.<\/p>\n<p>Schlie\u00dflich soll diese Seite auch Neuanf\u00e4ngern helfen einen \u201eBlick\u201c f\u00fcr die Objekte ihres Interesses zu bekommen, da ja immer mehr Replikate aus dem fernen Osten auf den Markt dr\u00e4ngen. Auch sollten Aussehen, Beschaffenheit und Erhaltungszustand dargestellt werden.<\/p>\n<p>Bepreisungen werden nicht vorgenommen, da die Marktpreise ohnehin st\u00e4ndig einer \u00c4nderung unterliegen.<\/p>\n<p>Sollten Fragen anfallen, werde ich diese nach bestem Wissen, nach Ma\u00dfgabe meiner vorhandenen Zeit im Forum beantworten. W\u00fcnsche, Bitten und Beschwerden werden gerne entgegengenommen, da ich auch nicht allwissend und jederzeit f\u00fcr eine Berichtigung oder einen Hinweis dankbar bin.<\/p>\n<p>Wie bei jedem Sammler unterliegt auch meine Sammlung einem zeitweiligen Wandlungsproze\u00df. Hin und wieder werden Sammlungsst\u00fccke oder Fachliteratur, die nicht mehr in meine Sammlung passen oder ersetzt wurden, abgegeben. Diese Gegenst\u00e4nde sind unter der Rubrik Sammlungs\u00fcberhang zu finden.<\/p>\n<p>Sollten Sie im Besitz solcher hier dargestellten Objekte sein und sich davon trennen wollen, schicken Sie mir bitte ein Mail. <a href=\"mailto:japan.art.at@gmail.com\">japan.art.at@gmail.com<\/a><\/p>\n","protected":false},"excerpt":{"rendered":"<p>Japanische Gebrauchskunst: Holzschnitte, Keramik, Netsuke, Rollbilder, Lackarbeiten, Bronzen etc. Japanische Schwerter und Stangenwaffen: Katana, Tachi, Wakizashi, Tanto, Aikuchi, Naginata, Yari, Yanone Schwertzierrat: Tsuba, Fuchi &#8211; Kashira, Menuki, Kozuka, Kogai, Kogatana, Koshirae Japanische R\u00fcstungen: Gosuku, Kabuto, Maedate, Shingasa, Menpo, Somen, Sangu, &hellip; <a href=\"https:\/\/www.japan-art.at\/\">Weiterlesen <span class=\"meta-nav\">&rarr;<\/span><\/a><\/p>\n","protected":false},"author":1,"featured_media":0,"parent":0,"menu_order":0,"comment_status":"closed","ping_status":"closed","template":"","meta":[],"_links":{"self":[{"href":"https:\/\/www.japan-art.at\/index.php?rest_route=\/wp\/v2\/pages\/2"}],"collection":[{"href":"https:\/\/www.japan-art.at\/index.php?rest_route=\/wp\/v2\/pages"}],"about":[{"href":"https:\/\/www.japan-art.at\/index.php?rest_route=\/wp\/v2\/types\/page"}],"author":[{"embeddable":true,"href":"https:\/\/www.japan-art.at\/index.php?rest_route=\/wp\/v2\/users\/1"}],"replies":[{"embeddable":true,"href":"https:\/\/www.japan-art.at\/index.php?rest_route=%2Fwp%2Fv2%2Fcomments&post=2"}],"version-history":[{"count":16,"href":"https:\/\/www.japan-art.at\/index.php?rest_route=\/wp\/v2\/pages\/2\/revisions"}],"predecessor-version":[{"id":540,"href":"https:\/\/www.japan-art.at\/index.php?rest_route=\/wp\/v2\/pages\/2\/revisions\/540"}],"wp:attachment":[{"href":"https:\/\/www.japan-art.at\/index.php?rest_route=%2Fwp%2Fv2%2Fmedia&parent=2"}],"curies":[{"name":"wp","href":"https:\/\/api.w.org\/{rel}","templated":true}]}}